uppose 0 = -6*x + 9*x - s. What is the tens digit of x?
7
Suppose 0 = 5*m - 4*w + 320, -2*m - 2*w = -0*w + 146. Suppose -4*b + 408 = -0*b. Let r = m + b. What is the units digit of r?
4
Let o(t) = -4*t - 7. Let g be o(-3). Let y(c) = 2*c**3 + 3*c**2 - 8*c - 7. What is the hundreds digit of y(g)?
2
Let o = 485 + -211. What is the tens digit of o?
7
Let q(d) = 2*d**3 + 3*d**2 - 14*d + 14. Let s be q(5). Let b = s + -187. What is the units digit of b?
2
Let w(l) = -4*l - 4. Suppose 0*r + 4*r = 20. Let p be w(r). Let z = p - -43. What is the units digit of z?
9
Suppose 10895 = 9*z - 16951. What is the units digit of z?
4
Let k = 9 - -17. Suppose -3*w + 0*l + 118 = 5*l, -w + 5*l + k = 0. What is the units digit of w?
6
Let q(g) = 50*g**2 - 8*g - 8. What is the hundreds digit of q(-10)?
0
Let l(u) = -4*u - 6*u - 1 - 7*u. Suppose 0 = -3*o + k - 4, 0 = 5*o - 4*k + 6*k + 3. What is the tens digit of l(o)?
1
Let z = -931 + 1595. Let d = z + -448. What is the hundreds digit of d?
2
Suppose -69*t + 70560 = -106149. What is the units digit of t?
1
Suppose 3*q + 2*k = 24, -4*q - 5*k - 24 = -7*q. Suppose 28 = 4*v + q, 5*p - 1090 = -3*v. What is the units digit of p?
5
Let c = 107 + -26. Suppose -7*h + 122 = -c. What is the units digit of h?
9
Let k = 20 + -33. Let n = 22 + k. Let m = n - -26. What is the tens digit of m?
3
Suppose 5*b + 1660 = -565. What is the units digit of 5*(b/(-25) - 4)?
9
Let q be -2 + 3 - 40/(-2). Let y = 22 - q. What is the units digit of -4 + y*13/1?
9
Suppose 5*o + 20 = 30. Suppose -o*r + 311 = -3*m, -2*r + 4*r = -5*m + 303. What is the tens digit of r?
5
Suppose -m + 0*m = -430. What is the tens digit of m?
3
Let g = 523 - 352. Suppose g = -4*l + 1155. What is the tens digit of l?
4
Suppose 0 = -4*s + 5*v + 31, -24 = -3*s + v + 2. What is the units digit of (s/5)/((-2)/(-10))?
9
Suppose -4*k = -6*k - 294. Let i = k - -223. Suppose 142 = -w + 5*w - 3*c, -i = -2*w + 4*c. What is the tens digit of w?
3
Suppose 5*x - 15 = 0, 0*z - 5*z - 2*x + 6 = 0. Suppose -w = -3*f - 2 + 4, -f + 2*w - 6 = z. What is the units digit of f?
2
Let f = 13 + -10. Suppose f = -8*j + 5*j. What is the units digit of (-4)/((-3)/9 + j)?
3
Suppose -1435 - 5729 = -2*m - 3*o, -7148 = -2*m + 5*o. What is the hundreds digit of m?
5
Suppose -9 = 4*s - 13*s. Let a(n) be the first derivative of 17*n**2/2 - n - 1. What is the tens digit of a(s)?
1
Let d(a) = 5*a**3 - a**2 + 2*a - 1. Let n be d(1). Let q(u) = 0*u**2 - 2*u**2 - 3*u**2 + u**3 + 5. What is the units digit of q(n)?
5
What is the tens digit of -11 + (-465)/(-45) + 14248/6?
7
Let r(c) = -7*c**3 + 5*c + 10. Let g be -5*1 - (-9 - -7). What is the tens digit of r(g)?
8
Let b = -388 - -526. What is the hundreds digit of b?
1
Suppose -3*h - h = -3*j - 3003, -h = 4*j - 746. What is the tens digit of h?
5
Suppose 0 = -3*y + 5*s + 19, 4*s = -5*y - s + 5. Let j(n) = 6*n**3 - 5*n**2 + 6. What is the hundreds digit of j(y)?
1
Suppose 3*v + 1601 = -5*q + 8778, v - q - 2395 = 0. What is the tens digit of v?
9
Let s(i) = 6*i**2 - 5*i. Let t(v) = v**3 + 13*v**2 - 11*v. Let n(x) = 9*s(x) - 4*t(x). What is the tens digit of n(-2)?
4
Let n be (-22)/(-10) - (-3)/(-15). Suppose 156 = c - n*d, 2*c - 176 - 116 = -d. What is the tens digit of c?
4
Let h(q) = -q**3 + 20. Let l be h(0). Let s = l + -15. Suppose s*v = 4*v + 1. What is the units digit of v?
1
Suppose 6*v - 1614 = 3174. What is the units digit of v?
8
Let g = 24 + -34. Let c(s) = -s**2 - 10*s - 4. Let u be c(g). What is the tens digit of 301/28 + (-1)/u?
1
Let p = 0 - -2. Suppose -5*w - d = 0, 0 = 4*w + w - p*d. What is the tens digit of w + (11 - (2 - 5))?
1
Let z(k) = -45*k**2 + 32*k**2 + k**3 - 3 + 24*k**2 + 0*k**3 + 11*k. What is the units digit of z(-9)?
0
Let p(q) = -q**2 - 4*q + 3. Let i be p(-4). Let g be 4*3/(9/i). What is the tens digit of 8 - (g - 4 - 3)?
1
Let a be (-2)/13 - 3864/(-104). Suppose 41*l = a*l + 400. What is the tens digit of l?
0
Suppose -4*z = 3*u - 11 + 5, 30 = 3*u - 4*z. Suppose -u*w + 2*w + 420 = 0. What is the tens digit of w?
0
Let t be (6/(-4))/((-63)/(-7140)). What is the units digit of 2/((0 - t/(-86)) + 2)?
6
Let b = 3 - -1. Suppose 110 = -5*s + 5*l, -b*s - 2*l + 4*l = 78. Let j = 5 - s. What is the units digit of j?
2
Suppose -k + 28 = -127. Let n = -85 + k. What is the tens digit of n?
7
Let u = -101 - -177. Let b = -54 + u. Let h = b - 16. What is the units digit of h?
6
Suppose -76 = -4*b - 28. Suppose 6*l - 2*l + b = 0. Let g = 9 + l. What is the units digit of g?
6
Suppose -275*v + 12231 = -266*v. What is the hundreds digit of v?
3
Let t(k) = -662*k**3 + k**2 + 14*k + 12. What is the units digit of t(-1)?
1
Suppose 12 = -3*l + 159. Suppose 4*j - 3*j = l. What is the units digit of j?
9
Suppose 35 = -4*b - 17. Let p be (-2)/b + (-5130)/(-117). Suppose -3*s = -4*n + p, -4*n + 68 = 2*s + 4. What is the units digit of n?
4
Suppose -3*g = 10*g - 1885. What is the units digit of g?
5
Let z be 25/(-5) + 4*2. Suppose -3*i + 103 = -z*d - 350, 3*d - 459 = -3*i. What is the tens digit of i?
5
What is the units digit of (-6 - 105/(-18))*-1695*2?
5
Suppose -15 = 3*j + 3*g, 2*g = 2*j - 2*g + 34. Let l = 4 - 3. Let c = l - j. What is the tens digit of c?
1
Suppose 7*g = 12*g - 8235. What is the units digit of g?
7
Suppose 4*t = -4*c + 3660, -2*t - 4*c - 1027 = -2853. What is the units digit of t?
7
Suppose 8*u - 3034 = 3758. What is the hundreds digit of u?
8
Let g = 3 - -1. Let p(u) = 10*u**2 - 8*u + 9. What is the units digit of p(g)?
7
Suppose -3*z - 5070 = -5*k + 588, -4*k = 4*z - 4552. What is the thousands digit of k?
1
Suppose -4*t + 3*g = -1 - 6, 5*t - 3*g = 11. Suppose t = 5*h + 2*s, -h + 4*s + 9 = -5. What is the tens digit of (-3 + 80/4)*h?
3
Let w(h) = -113*h - 21. What is the thousands digit of w(-18)?
2
Let a(f) = -377*f + 4. What is the hundreds digit of a(-1)?
3
Let w(q) = -2*q**3 - 11*q**2 - 5*q. Let a be 1 + -12 - 3*24/(-18). What is the tens digit of w(a)?
8
Let p(z) be the third derivative of z**5/15 + z**4/24 - z**3/3 - 8*z**2. Let u be p(-2). Let g = u + 10. What is the tens digit of g?
2
Suppose -4*k - 8 = -2*k - 2*s, 8 = 2*k + 2*s. Let p(h) = -2*h + 74. What is the tens digit of p(k)?
7
Suppose -15 = -3*j - 5*y, 0 = -2*j + y + 12 - 2. Suppose -1995 = -j*i - 785. What is the hundreds digit of i?
2
Let s = -40 - -29. Let k be 4/16 - s/4. Suppose 0 = -z + 8*y - 3*y + 26, k*z = -5*y + 158. What is the units digit of z?
6
Let q(g) = 6*g - 2 + 9 - 3*g. Let h(x) = -16*x - 36. Let l(b) = 2*h(b) + 11*q(b). What is the units digit of l(7)?
2
Let m(w) = -2*w**2 - 23*w - 9. Suppose -g - 4*d + 30 = -0*d, 2*g - 20 = 2*d. Let a = g + -23. What is the tens digit of m(a)?
3
Let l be 2 - -8*(-5)/(-15)*-3. Let n(f) = 2*f**2 + 6*f + 12. Let d(w) = -6*w**2 - 19*w - 37. Let u(h) = -3*d(h) - 8*n(h). What is the units digit of u(l)?
3
Suppose 5*w = -25, -k + 4*w + 47 = -8. Suppose -k*v + 32*v = -231. What is the tens digit of v?
7
Let s = 12856 + -9058. What is the units digit of s?
8
Let y = 19 - 22. Let q(d) = -d**3 + 2*d**2. What is the tens digit of q(y)?
4
Let q be 13*(-5)/2*-8. Suppose -14*f + q = -10*f. What is the tens digit of f?
6
Let o = -1 - 1. Suppose -4*v = -2*v + 4. What is the units digit of (v/(-5))/(o/(-170))?
4
Let p(n) = n + 25. Let c(i) = i - 12. Let r be c(2). What is the tens digit of p(r)?
1
Let o be 1/((18/8)/9) - 9. What is the hundreds digit of 10/(-25) + (-2 - 1797/o)?
3
Let k(f) be the third derivative of 7*f**5/60 - f**4/24 + 4*f**2. Let z be k(1). Suppose h + 1 = z, 2*h - 42 = -4*n. What is the units digit of n?
8
Let y(b) = -6*b**2 + 5*b - 3. Let d(s) = -25*s**2 + 21*s - 12. Let q(j) = 2*d(j) - 9*y(j). Suppose -17*z + 33 + 18 = 0. What is the tens digit of q(z)?
3
Let o(g) be the second derivative of 0 + 5*g - 1/12*g**4 - 4*g**2 + 2*g**3. What is the tens digit of o(8)?
2
Suppose -11054 = -12*f + 11566. What is the units digit of f?
5
Suppose 0 = -19*b + 3907 + 2344. What is the tens digit of b?
2
Let n(j) = -j**3 + 3*j**2 + 3*j - 4. Let s be n(4). Let d(v) = 2*v + 5. Let f be d(s). What is the units digit of (-2)/f - 155/(-55)?
3
Let i(b) = -b**3 + 16*b**2 + 8*b - 64. What is the units digit of i(16)?
4
Suppose 5250 = 2*t - 4456. What is the units digit of t?
3
Let z = -208 - -62. Let v = -97 - z. What is 